- 4*s - 19, l*p = 2*p - 3*s - 24. Give r(p).
-4
Let a(i) = 1 + 2*i + 4*i - i**2 + 0*i**2 + 3. Let n(f) = 6*f**2 - 29*f - 19. Let v(g) = 11*a(g) + 2*n(g). What is v(-6)?
-6
Let r be 3 - (-3 + (3 - 3)). Let n = r + -3. Suppose n*g = 3*h + 2*g - 17, -4 = -4*g. Let i(c) = c**3 - 7*c**2 + 5*c + 8. Calculate i(h).
2
Let u = -1 - -5. Let f(p) = p + u*p - p. What is f(-1)?
-4
Let s(c) = -c**2 + c + 3. Suppose 0 = -3*p + 3*y + 36 + 24, 4*y = 3*p - 60. Suppose 3*o = 7*o - 8. Suppose p = -o*m - 5*j, -m - 5*j - 20 = -0. Calculate s(m).
3
Let m(y) = 7*y**2 - 5*y + 2 + 13*y**2 - 21*y**2. What is m(-4)?
6
Let y(f) = f - 3. Let i(d) = -10*d**2 + 4*d**2 - 2*d + 3*d. Let h be i(1). Give y(h).
-8
Let h(i) be the first derivative of i**2/2 + 6*i + 7. Let j(u) = u + 10. Let w be j(-5). What is h(w)?
11
Suppose -5*l - 6 = -1, l = -2*p + 17. Suppose -k + 3*v = -p, 20 = -v - 4*v. Let h = k - -1. Let f(w) = -5*w - 1. Determine f(h).
9
Let j(k) = k - 1. Let f(n) = 4*n - 6. Let a(p) = 3*f(p) - 16*j(p). Suppose -g + 0*m = -5*m - 8, 0 = 2*g + 3*m - 3. What is a(g)?
-14
Suppose -5*f = -2*t + 11 + 2, 25 = 5*t - 5*f. Let w(d) = d - 7. Let p be w(8). Let c(g) = 0*g - 2 - g - p. Give c(t).
-7
Let t(b) = b - 4. Let l(d) = 2*d - 7. Let n(i) = -4*l(i) + 7*t(i). Calculate n(8).
-8
Let i = -60 + 54. Let m(b) = -3*b - 7. Give m(i).
11
Suppose 15 = 2*i + i. Let f(r) = r**3 - 4*r**2 - 5*r + 1. Give f(i).
1
Let n(f) = -5*f + 134 - 134. Calculate n(-1).
5
Let q(n) = -2*n - 1. Let y = -27 + 29. What is q(y)?
-5
Let z(u) be the third derivative of 0*u**5 - 4*u**2 + 0 - 2/3*u**3 + 1/120*u**6 + 0*u + 1/24*u**4. What is z(0)?
-4
Let r(h) = 3*h + 1. Let t be r(-3). Let x(f) = -f**3 - 7*f**2 + 7*f - 8. Give x(t).
0
Let f(w) = -3*w + 3. Suppose -31*y + 26*y = -10. What is f(y)?
-3
Let w(m) = -m**2 + 4*m - 4. Let q = -1 + 1. Suppose q*t + 5*t = -15. Let z = t + 6. What is w(z)?
-1
Suppose 3*x + 5 = 2*r, -7*x + 2*x - 2*r = -13. Let y(a) = -28*a**3 + 52*a**3 - 37*a**3 + a**2. Determine y(x).
-12
Let t(p) = -3*p - 1. Let d(q) be the second derivative of 1/6*q**4 + 0*q**2 + q - 1/3*q**3 + 0 + 1/20*q**5. Let n be d(-3). Calculate t(n).
8
Let g(n) be the second derivative of -1/12*n**4 + 1/2*n**3 - 4*n + 0 + 3/2*n**2. Give g(4).
-1
Suppose 0*f - f = 0. Suppose 3*d + f*d = -18. Let b(g) = -g**3 - 6*g**2 + g. Determine b(d).
-6
Suppose 4*o - 4*b + 24 = 0, -2*b + 5 = -3*o - 8. Let w(y) = -2*y**3 + y**2 + 4*y - 4*y. Determine w(o).
3
Let j(w) = w**3 - 2*w**2 - 1. Let p(r) = r**3 - 6*r**2 + 2*r + 7. Let x be p(6). Suppose -o - 1 = -s, -2*o + x = s + 4*s. Determine j(o).
-1
Let s(v) be the second derivative of -v**4/12 + v**2 - v. What is s(-4)?
-14
Suppose 0 = -9*b + 4*b + 15, b = -5*h + 23. Let o = h + -4. Let q(u) = 2*u + 3 - 2 - u**2 + o. What is q(-1)?
-2
Let h(m) = 2*m + 6*m - 2 - 4*m. Suppose -3*y = i + 7, 3*i + 6 + 1 = -2*y. Determine h(y).
-10
Let d(x) = x**3 + 3*x**2 - x - 2. Suppose -f - 4 = p + p, f - 4*p = 8. Suppose f*o + o + 17 = 3*s, -4*o - 3*s + 7 = 0. Calculate d(o).
4
Let o = 4 + 0. Suppose -5*u = -3*h + 9 + 1, 3*h - o*u = 11. Let i be h + (1 + 1)/(-2). Let j(y) = y**3 - 6*y**2 + 7*y - 4. Give j(i).
-8
Suppose -3*o - 5*f - 5 = 0, 7 + 15 = 2*o - 3*f. Let b = 10 + -7. Let z(q) = -4*q - 2*q**b + q**3 + 2*q + 7 + 5*q**2. Determine z(o).
-3
Let b(o) be the third derivative of -o**4/24 + o**3/2 - o**2. Suppose 2*s - 20 = -3*s. What is b(s)?
-1
Let f(k) = k**3 + 9*k**2 - 11*k - 8. Let m(n) = -3*n**2 - 7*n - 4. Let q be m(-3). What is f(q)?
2
Let d = -153 + 158. Suppose 0 = -p + 4*w + 11, 0 = -2*p - 5*w + 3 - 7. Let y(m) = -3*m - m + p*m. Calculate y(d).
-5
Let n(b) = b + 4. Let v(c) = c - 29. Let a be v(19). Determine n(a).
-6
Suppose 0*v - 5*v - 1 = -2*b, -v = 2*b - 7. Let m(x) = -6*x - v + 5*x + 8*x. Determine m(1).
6
Let g(q) = -q + 1. Let y = -15 + 15. Give g(y).
1
Let f(n) = -14*n + 5 + 8*n - n**2 + 6*n - n**3. Give f(0).
5
Let i(s) be the first derivative of -s**2/2 + 8. Calculate i(0).
0
Let k(a) = -5*a - 36. Let o(n) = 2*n + 13. Let m(l) = -3*k(l) - 8*o(l). Let q = 16 + -10. Give m(q).
-2
Let r(b) = 6*b**3 - 9*b**2 + 5*b + 8. Let x(n) = 7*n**3 - 10*n**2 + 6*n + 9. Let o(w) = -6*r(w) + 5*x(w). Let t = -7 + 10. Suppose -t*p = -0*p - 9. Give o(p).
6
Let i(q) = q**2 + 5*q + 2. Let v be (5/5)/((-2)/10). Determine i(v).
2
Let q = -23 - -21. Let u(d) = d**2 + 1. Let j(o) = o**2 + 2*o + 2. Let a(y) = q*u(y) + j(y). What is a(2)?
0
Let k(v) = -2*v**2 + 5*v + 10. Let a(n) = -4 + 3*n**2 - 11*n - 19 + 4. Let c(m) = -3*a(m) - 5*k(m). Determine c(-6).
-5
Let q = -14 + 19. Let t(p) = p**3 - 5*p**2 + p - 2. Calculate t(q).
3
Let q(h) be the first derivative of 2*h + 1 + 5/2*h**2 + 1/3*h**3. Let b be q(-5). Let f(w) = -w**2 + 2*w - 3. Determine f(b).
-3
Let v(l) = l**3 - 8*l**2 + 4. Let s be v(8). Let x(u) be the first derivative of 3*u + 2*u**2 + 1 - 1/3*u**3. What is x(s)?
3
Suppose -2 = n - 10. Suppose 5*a + 17 = -4*r + 3, -n = 5*a - 2*r. Let i(u) = 4*u + 1. Give i(a).
-7
Let d be 6*(-1)/(-2) - 6/(-6). Let q(b) = b**3 - 2*b**2 - 6*b + 2. What is q(d)?
10
Let a(d) = 0*d**2 + 3*d**2 - 2 - 5*d**2 + d. Let r = -15 - -21. Let p be ((-9)/r)/((-12)/16). Give a(p).
-8
Suppose -4*c + 3 = -1. Suppose 4*i - 7 - 1 = 0. Let o(d) = 2*d**2 - d**2 - 4*d - i*d + 5*d. Give o(c).
0
Let o(f) be the second derivative of f**7/2520 + f**6/720 + f**4/3 - 7*f. Let h(k) be the third derivative of o(k). Determine h(0).
0
Let s(f) = -4*f**3 + 11*f**2 - 2*f - 8. Let j(q) = -q**3 + q**2 - q - 1. Let a(m) = 3*j(m) - s(m). What is a(8)?
-3
Let d(y) = 2*y**2 - 3 - 6*y - y**2 - 7*y + 15*y. What is d(-4)?
5
Let j = -17 + 17. Let p(k) be the first derivative of -k**3/3 + 9*k - 2. What is p(j)?
9
Let w(m) = 10*m + 8. Let t(d) = d. Let i(o) = 8*t(o) - w(o). Let h be i(-6). Let c(z) = -z + h*z - 2*z. Give c(-3).
-3
Let c(z) = 4*z - 5*z - 3 - 2*z. Suppose 4*p - 3*p - 4*m = -8, -m = 5*p - 44. Suppose -4*x = -0*x + p. Give c(x).
3
Suppose 2*o + 3 = o. Let s(w) = -w + 4. Let d(r) = -r + 5. Let h(b) = b**2 + 4*b - 7. Let z be h(-5). Let v(n) = z*d(n) + 3*s(n). Determine v(o).
5
Let a(d) be the third derivative of d**4/4 - d**3/6 + 4*d**2. Let o(z) = z - 4. Let m be o(5). Let w = m - 0. Determine a(w).
5
Let i be -2*((-2)/(-2))/(-2). Let y(p) = -3*p + 1. Give y(i).
-2
Let d(i) = 3*i**2 - 3*i + 2. Let y(n) = n**2 - n + 1. Let w(o) = d(o) - 2*y(o). Let v be w(1). Let b(g) = g + 2. What is b(v)?
2
Let w(v) = v**2 - 2*v - 3. Suppose 2*z + 4*r = 16, 4*z - 18 = -z + r. Suppose 2*y + 20 = -3*o + z, -o - 17 = 3*y. What is w(o)?
5
Let b(q) = -q**2 + 12*q - 7. Let a = 9 - -2. Let w be b(a). Let f(s) = -2*s + 3. Calculate f(w).
-5
Let y(c) = -2*c**3 - 3*c**2 - 4*c - 2. Let o = -20 + 18. What is y(o)?
10
Let h(k) = 6*k**2 + 2 + 2*k**2 - k**2 + 3*k. Let o(d) = 8*d**2 + 3*d + 2. Let a = -4 - 2. Let w(u) = a*o(u) + 7*h(u). Calculate w(-3).
2
Let j(s) be the third derivative of -13*s**2 + 0 - 1/24*s**4 + 0*s + 0*s**3. Suppose -3*o - 9 = 9. Calculate j(o).
6
Let p = 15 + -5. Suppose 0 = -5*s - 5*h - p, 0 = 3*h + 2 - 8. Let r(q) be the first derivative of -q**4/4 - q**3 + 2*q**2 + 3*q + 2. What is r(s)?
3
Let t(b) = b**3 + 9*b**2 + b + 12. Let a(w) = -w**3 - 14*w**2 - 11*w + 17. Let x be a(-13). Determine t(x).
3
Let p(d) = -2 + 2*d + 5*d - 4*d. Determine p(-2).
-8
Let t(h) = h**3 + 4*h**2 - 2*h + 5. Suppose w = -w - 10. Let q(f) = 1 - 1 + f. Let r be q(w). What is t(r)?
-10
Let p(t) be the third derivative of -t**4/6 + t**3/6 + 6*t**2. Give p(1).
-3
Suppose -c + 1 = 3. Let y be 70/(-15) - c/(-6). Let w(r) = 2*r + 4. Calculate w(y).
-6
Let d(i) be the first derivative of i**3/3 - 3*i**2 + 5*i + 3. Give d(4).
-3
Let c be 3/((-21)/(-6) + -2). Let j(v) be the first derivative of 2*v + 1/3*v**3 + 3*v**c - 2. Give j(-4).
-6
Let v(d) be the third derivative of d**8/10080 + d**7/1260 + d**6/240 + d**5/30 - 4*d**2. Let k(s) be the third derivative of v(s). Determine k(-2).
3
Suppose -2*a + 2*f - 5*f + 13 = 0, 5*f = -5*a + 20. Let c(i) = 8*i. Calculate c(a).
-8
Suppose -t - 2*t + 36 = 0. Let h(g) = 4*g - 4*g**2 - t*g + 3*g**2 + 9*g - 6. Give h(0).
-6
Let y = 4 - 2. Suppose 3*s - 10 = -y*l, 2*l + 4 = 4*s - 0*s. Let v(m) = -3*m**2 + 5*m**s + 0 - 1 + 6*m**3 + 0*m**2. What is v(-1)?
-5
Let x(f) be the third derivative of -13*f**6/120 + f**5/30 + f**4/12 + f**3/6 + 7*f**2